*n. Let w be (-5)/o + (-2)/(-4). Let d = 10 - w. What is the greatest common factor of 28 and d?
7
Let i = 85 + -121. Let h = -20 - i. Suppose -43 = -2*a + 181. What is the highest common factor of a and h?
16
Let f be 22/5*(-10)/(-4). Suppose 15*c - 352 = f*c. Let u = -32 - -54. What is the greatest common divisor of u and c?
22
Let l(i) = 2*i - 1. Let n(w) = -w**2 + 10*w - 9. Let z be n(8). Let u be l(z). What is the highest common factor of u and 104?
13
Suppose 5*u + 543 = 8*u. Suppose 0 = 3*w - u - 29. Calculate the greatest common divisor of 14 and w.
14
Suppose 0*q + 4*l - 121 = -5*q, l = -5*q + 109. Let y be (-1 - -3)*-1*-70. Let d be (36/(-15))/((-2)/y). What is the greatest common divisor of q and d?
21
Let f(n) = -11*n**2 - 3*n - 1. Let i(m) = 5*m**2 + m. Let h(g) = 4*f(g) + 9*i(g). Let k be h(5). Calculate the greatest common factor of 12 and k.
6
Suppose x - 1 = 3. Let g(u) = 44*u. Let w be g(x). Calculate the greatest common factor of 16 and w.
16
Let u be 0/(1 - -1) + -80. Let j = 143 + u. What is the highest common divisor of j and 7?
7
Let v = -84 - -39. Let f = -18 - v. Calculate the greatest common factor of f and 18.
9
Suppose 0 = -5*x - 20, -4*q + x + 120 = -3*x. What is the greatest common factor of q and 39?
13
Let q be (-77)/5 - (-14)/35. Let p be (-9)/q*15/1. What is the highest common factor of p and 3?
3
Suppose 0 = 2*s + 4*q + q - 60, 0 = 5*s - 4*q - 117. Let z = 13 + -8. What is the greatest common factor of z and s?
5
Suppose 5*w - z = -41, 3*z + 4 - 15 = w. Let t = 53 + w. What is the greatest common divisor of 15 and t?
15
Let u(g) = -g**3 + 16*g**2 + 3*g - 15. Let k be u(16). What is the greatest common divisor of 11 and k?
11
Suppose 0 = -5*m + 5*j + 170, 0*j = -4*m - 2*j + 130. Suppose 0 = 5*h + 6*b - 3*b - 101, -2*b = 5*h - 104. Calculate the highest common divisor of h and m.
11
Suppose 0*s = -3*s + 48. Let t(i) = i - 2. Let u be t(-3). Let q = u + 13. What is the greatest common factor of s and q?
8
Let n(s) = -s**3 + 6*s**2 + 6*s + 1. Let m be n(5). Suppose 0 = -4*b + 2*w + m, b = -b - 4*w + 18. Calculate the highest common divisor of b and 65.
13
Let u(p) = p**2 - 6*p + 3. Let j be u(7). Let n(q) = q**2 + 2*q - 4. Let l be n(-4). Let f be 22/l*(-2 + 22). Calculate the greatest common divisor of j and f.
10
Suppose -147 = -4*d - 15. Calculate the highest common factor of d and 22.
11
Let w(i) = i**2 + 7*i + 12. Let k be w(-6). Let f be (2 - 3)/((-2)/12). Let s be (k/4)/(f/32). What is the greatest common divisor of s and 16?
8
Let u(g) = -g**3 - 2*g - 2*g + 4 + 4*g + 6*g**2. Let q be u(6). Let o = -2 - -12. What is the highest common factor of o and q?
2
Let c be (-3 + -1)*(-49)/4. Suppose 4*j = -j + 3*i + 35, 0 = 4*j + 3*i - 28. Calculate the highest common divisor of j and c.
7
Let k = -5 - -8. Suppose -y - k*y = -60. Suppose 2*m = -8, 3*p - 389 = -0*p - 4*m. Calculate the greatest common factor of y and p.
15
Let x = 41 + -37. Let c(n) = -n**3 - 1. Let p be c(1). Let b be (-1)/p + 18/x. Calculate the greatest common divisor of 15 and b.
5
Let j = 2 - 2. Suppose 4*g + j*g = 16. Let n be ((-8)/(-6))/(g/42). What is the highest common factor of n and 35?
7
Let g(d) = 33*d**2 - 4*d + 5. Let o be g(2). Calculate the highest common divisor of 86 and o.
43
Let v be 85/6 - (-1)/(-6). Let l(u) = u**2 - 5*u - 6. Let i be l(6). Suppose -t + i = -70. What is the highest common factor of t and v?
14
Let r be (-1)/(((-6)/(-10))/(-3)). Suppose 4*i = i - 2*w + 17, 0 = -4*i - w + 16. Let a be i/(0 + 3) + 0. Calculate the greatest common divisor of a and r.
1
Let i = -13 + 1. Let n be ((-2)/3)/(2/i). Calculate the greatest common factor of 6 and n.
2
Let d = 12 - 10. Suppose -3 = -d*l + 7. Calculate the greatest common factor of 5 and l.
5
Let c = 0 + 2. Let w = -3 - 2. Let h be (w/(-3))/(1/12). What is the highest common divisor of c and h?
2
Let k be 5 + 3 - (2 - -2). Calculate the highest common factor of 20 and k.
4
Let k(x) = 6*x - 25. Let t be k(9). What is the greatest common factor of t and 58?
29
Let c(w) = 9*w**2 - w - 5. Let l be c(4). Suppose 4*u - l = u. Suppose 2*y - 13 = -x - 4, -2*x + 3*y + 18 = 0. What is the greatest common factor of x and u?
9
Suppose 5*b - 38 = 3*b - 3*d, 0 = 3*b + d - 43. What is the greatest common divisor of b and 117?
13
Let q be 28/3 - (-2)/(-6). Let z = q + -6. Suppose z*a = 52 + 113. Calculate the highest common factor of a and 11.
11
Let h = 133 - 112. Suppose -5*i = -t - 73, -t - 6 = t. What is the greatest common divisor of h and i?
7
Let t(v) = v + 60. Let i be t(0). Suppose -3*q - 4*y + 3 - 7 = 0, -4*q - y = -12. Suppose -q*d + 12 = -i. What is the highest common divisor of 162 and d?
18
Let u = 20 - 11. Let q(i) = 14*i + 22. Let a be q(19). Suppose 4*o + a = 8*o. Calculate the highest common divisor of o and u.
9
Suppose 0 = -4*b + 25 - 5. Let s = 3 - 1. Suppose -3*j + 125 = s*j. What is the greatest common divisor of j and b?
5
Let p = -153 - -171. Calculate the highest common factor of 234 and p.
18
Let h(f) = -3*f**2 - 51*f + 25. Let a be h(-17). Calculate the greatest common factor of 225 and a.
25
Let h = 6 - 3. Let q be ((-2)/4)/(h/(-18)). Suppose 7*t + 105 = 5*s + 2*t, s + 5*t = 21. What is the highest common factor of q and s?
3
Suppose 2*b - 39 = 15. What is the greatest common factor of 9 and b?
9
Let b = -13 + -7. Let i = -9 - b. Let d be (33/(-5))/(2/(-10)). What is the highest common factor of i and d?
11
Suppose -3*x - 4 = 2*a, -x - 7 = a - 3. Let r be (22/a + 0)*-4. Let h be (-1 - 2) + (0 - -47). What is the greatest common divisor of r and h?
11
Let z be 1 - (-6)/(-3) - -1722. Let b = z + 104. Let c be b/55 - (-2)/(-11). What is the highest common factor of 11 and c?
11
Let o be (10/(-8))/(2/(-16)). Suppose y - 1 = -5. Let i(t) = t**2 - t - 5. Let v be i(y). What is the greatest common divisor of v and o?
5
Let v = 12 + 24. What is the greatest common factor of v and 54?
18
Let f = 6 - -26. Calculate the highest common factor of f and 4.
4
Let o(k) = -11*k + 2. Let h be o(-8). Suppose 5*y + 50 = 10*y. What is the highest common divisor of h and y?
10
Let v(l) = -l**2 - 8*l + 9. Suppose -2*z - 24 = 4*s, 2*z = 7*s - 2*s - 6. Let a be v(z). Calculate the highest common divisor of 9 and a.
9
Suppose 0 = 5*i - 2*d - d - 12, -2*d - 8 = -5*i. Suppose 4*g - 7*g + 72 = i. What is the greatest common divisor of g and 8?
8
Let h = -48 - -86. Let g = h + -56. Let s be (-4)/g - 136/(-36). Calculate the greatest common factor of 20 and s.
4
Suppose 0*m - 5*m = 0. Let l = m + 0. Suppose w - b - 6 = l, -4*w = 3*b - 14 - 17. Calculate the greatest common divisor of 77 and w.
7
Suppose l - 4 = 8. Let x be 0/l + 1*9. Calculate the greatest common factor of 1 and x.
1
Suppose -60 = -t - 58. Calculate the greatest common factor of 28 and t.
2
Suppose 3*w - 70 = -2*w. Calculate the highest common factor of w and 14.
14
Suppose 13*z - 14*z = 1. Let m(v) = 3*v**2 + v + 1. Let p be m(z). Calculate the highest common factor of p and 9.
3
Let n(u) = -u**3 + 8*u**2 + 5*u - 3. Let r be n(6). What is the highest common divisor of 11 and r?
11
Let j(c) = -c**3 - 1. Let s be j(-3). Suppose 2*k - 4*n - s + 2 = 0, 0 = 3*k - n - 16. Let o = 24 - -8. What is the highest common factor of o and k?
4
Let t(h) = 4*h**2 - 9*h + 1. Let c be t(4). What is the highest common divisor of 203 and c?
29
Let a be 2/(-11) - 1404/(-99). Suppose 5*v = 89 + 126. Suppose 0 = 3*m + o - v, 2*m - 4*m + 33 = 5*o. What is the greatest common factor of m and a?
14
Let u = 132 + -72. Let w be -20*((-11)/4 + 2). What is the greatest common factor of w and u?
15
Suppose -l - 1 = 0, 5*u - l - l + 28 = 0. Let z be u/4*(-42 + 0). Calculate the highest common divisor of 9 and z.
9
Let t = 14 + 29. Suppose -u = -29 - t. What is the greatest common factor of 48 and u?
24
Suppose 0 = -4*j + 4*r - r + 131, -3*j + 3*r = -99. Calculate the highest common divisor of j and 24.
8
Let j be 36/(-60) - (-1053)/5. What is the highest common factor of 30 and j?
30
Let p(a) = a**3 - 2*a**2 - 12*a + 4. Let l be p(5). Calculate the highest common factor of l and 38.
19
Suppose 0 = -2*k - 24 + 120. Let d = 17 - 5. What is the highest common divisor of d and k?
12
Suppose 6 = -4*l + 18. Suppose l*b = -2*h + 53, -2*h + 8 = -0. Calculat